e factors of u.
3, 5
Let n be -5 + ((-2)/(-3))/((-6)/(-18)). List the prime factors of 42 - ((n - -3)/2)/(-1).
2, 3, 7
Let g(a) = -10 - 10 - a**2 + 2*a + 15*a. Suppose -85 = -i - 4*i + 2*h, 5*h + 55 = 2*i. What are the prime factors of g(i)?
2, 5
Let p be -113*(-4)/(-8)*-2. Let x = -82 + p. List the prime factors of x.
31
Let i(a) = 780*a**3 - 3*a**2 - 2*a + 3. List the prime factors of i(1).
2, 389
Suppose -k - 1386 = -2*l, 4*l - 2*k - 3*k = 2766. List the prime factors of l.
2, 347
Let a = 1554 + -760. List the prime factors of a.
2, 397
Let c be (-19)/(-4) + (-1)/(-4). Suppose -c*f + 244 = -f. What are the prime factors of f?
61
Let n = 1531 - 1032. List the prime factors of n.
499
Let w = 43 + -41. Suppose -3*v + 97 = 4*u, 5*v + w*u = -3*u + 155. List the prime factors of v.
3
Let l(m) = -m**3 - 7*m**2 + 8*m - 2. Let v be l(-8). Let g be (-5)/(-2 - (v - 1)). List the prime factors of (19 + -4)/g - -34.
31
Suppose 5*d + 6*b - 2*b - 33 = 0, -5 = -3*d + 5*b. Suppose -2*i + d*i - 36 = -3*c, 0 = 3*c - i - 44. Let n = c - 7. List the prime factors of n.
7
Suppose 6 = -2*w + 3*w. Suppose -5*a - 55 = 4*k, -2*a - 3*k = -w*a - 75. Let c = 8 - a. What are the prime factors of c?
23
Suppose -4 - 5 = -3*m. Suppose -4*j + 313 = -g, 4*j - 295 = m*g + 28. List the prime factors of j.
7, 11
Suppose 6*x - 18 = 36. What are the prime factors of (1 - x)*54/(-12)?
2, 3
Suppose 1952 = w - g, 0 = -0*w + 3*w - 4*g - 5856. List the prime factors of w.
2, 61
Let a = 776 + -359. List the prime factors of a.
3, 139
Suppose 9087 = 3*u - 28*j + 23*j, 0 = -3*j. List the prime factors of u.
13, 233
Suppose -142 = -j - 5*r, 2*j = 2*r + 2*r + 270. Suppose -s + u + 54 - 7 = 0, 3*s - u - j = 0. List the prime factors of s.
3, 5
Let l = 36 - 15. What are the prime factors of (77/l)/((-1)/(-24) + 0)?
2, 11
Suppose -4*k + 719 = 3*s, 5*k + 0*k - 901 = -3*s. What are the prime factors of k?
2, 7, 13
Suppose 2*g + 5*l - 645 = -3*g, -4*g + l = -521. Let h = g - -18. What are the prime factors of h?
2, 37
Suppose -10*h = -6734 - 11346. What are the prime factors of h?
2, 113
Suppose 50*o = 51*o - 2484. Suppose 18*a - o = 9*a. List the prime factors of a.
2, 3, 23
Suppose 8*d - 551 - 921 = 0. Suppose 2*k - 93 = -g, d = 4*k - g + 5*g. List the prime factors of k.
47
Suppose 9*u - 14*u + 5 = 0. Let p(h) = -20*h + 1. Let o be p(-1). List the prime factors of (o + (-4 - -1))*u.
2, 3
Suppose -4*y - 5*m = -1360, 0 = -5*y + 4*m + 84 + 1575. List the prime factors of y.
5, 67
Suppose -6*b - 10 = -b, -4*b = s - 13. Suppose 0 = 3*h - 0*h - s. What are the prime factors of h?
7
Suppose 36*s - 46511 + 3203 = 0. What are the prime factors of s?
3, 401
Let b(p) = -108*p**3 + p. Let f(s) = 3*s + 17. Let l be f(-6). What are the prime factors of b(l)?
107
Suppose -3*q = -2*o + 5, q = o + 2*q - 10. List the prime factors of o.
7
Suppose -34*p + 30*p = 0. Suppose -4*j - 5*y + 522 - 180 = p, -j + 84 = 2*y. List the prime factors of j.
2, 11
Let g(q) = q + 65. Let c(x) = x + 10. Let j be c(-10). List the prime factors of g(j).
5, 13
Suppose 9*p = 12*p - 1302. Suppose 10*l - 1364 = -p. List the prime factors of l.
3, 31
Suppose -21 = 2*u - 5*u - 2*r, 4*u + 3*r - 29 = 0. Suppose 0 = -12*p + u*p + 595. List the prime factors of p.
5, 17
Suppose 0 = 9*a - 8*a - 4. List the prime factors of -2 + a/2 - -13.
13
Suppose -5*i + 930 + 260 = 0. List the prime factors of i.
2, 7, 17
Suppose -9*h + 15 = -10*h. Let f(x) = x**3 + 15*x**2 - 4*x + 6. List the prime factors of f(h).
2, 3, 11
Let t = 27 - 23. Suppose 6*l - t*l - 476 = 0. What are the prime factors of l/6 - (-6)/18?
2, 5
Suppose -21*u - 4278 = -24*u. What are the prime factors of u?
2, 23, 31
Suppose 10*y - y - 2970 = 0. Suppose -315 = -3*t + y. What are the prime factors of t?
5, 43
Suppose -s - 2 = 2*y - y, -4*y + 3*s = -20. Suppose -y*l = -5*h + 79, -2*l - 3*l = h - 5. Suppose -2*o + 13 + h = 0. What are the prime factors of o?
2, 7
Let y be (-29)/(-2) - 6/(-4). Suppose -u + 48 = -5*h - 3, 4*h + y = 0. Suppose -u = -5*m + 144. List the prime factors of m.
5, 7
Suppose l = 5*l + 4*g - 56, 2*l = -3*g + 29. Suppose -8*a - 330 = -l*a. Suppose 4*z - 4*d - 152 = 0, 0*d - 4*d = -2*z + a. What are the prime factors of z?
43
Let c = 8486 + -5242. What are the prime factors of c?
2, 811
Let g(k) = 37*k**2 - 4*k + 8. List the prime factors of g(-5).
953
Let x be (-2)/(-4)*(-32)/(-4). Suppose x*i - 19 = -3. List the prime factors of 6/(-1)*(-22)/i.
3, 11
Let k be 2 - ((-4 - 0) + -3). Suppose v = -4*n + 40 + k, -2*n - 2*v + 26 = 0. Suppose -4*a + n = -0*a. What are the prime factors of a?
3
Suppose -3*f = -0*g - 3*g - 1131, 0 = 2*f + 2*g - 746. List the prime factors of f.
3, 5
Let k(x) = 4*x**3 - 2*x**2 - 7*x - 11. List the prime factors of k(4).
5, 37
Let v = -116 + 182. List the prime factors of v.
2, 3, 11
Suppose -2*d + 3*d + 36 = -w, -40 = d + 5*w. Let b be -1 + (1 - (-61 - -2)). Let g = b + d. What are the prime factors of g?
2, 3
Let q = 136 + 73. Suppose -2*w - s - q = -4*w, -4*s = -12. What are the prime factors of w?
2, 53
Let b be (-3)/6 - 1218/(-4). Suppose -5*n + 0*n - 1520 = -5*j, -b = n - 3*j. What are the prime factors of n/(-10) - 4/10?
2, 3, 5
Let v be 212/12 - 2/(-6). Let o be 1/(3/v*2). Suppose 0 = -5*u - d + 68, 2*d + 0*d = o*u - 46. What are the prime factors of u?
2, 7
Suppose q + d - 239 = 68, 3*q - 911 = -5*d. List the prime factors of q.
2, 3, 13
Suppose -4*u = -j + 126, 5*j - 5*u = 331 + 314. List the prime factors of j.
2, 5, 13
Suppose -47 - 37 = -g. Let v = g - 18. List the prime factors of v.
2, 3, 11
Let m(c) = -58*c**3 + 4*c**2 + 5*c + 3. What are the prime factors of m(-3)?
2, 3, 5, 53
Suppose -p = -0 - 4. Let h(l) = l**3 + 5*l**2 - 6*l + 6. What are the prime factors of h(p)?
2, 3, 7
Suppose 5*f - 3*f = -4*b + 558, -4*f + 4*b = -1140. Let v = -160 + f. Suppose v = 4*m + d, -m + 5*d + 32 = -4. List the prime factors of m.
31
Let l(g) be the second derivative of g**5/20 + g**4/12 - g**3/3 - g**2/2 - 5*g. Let r be l(-1). Suppose f = r + 11. List the prime factors of f.
2, 3
What are the prime factors of 2/(-4)*-617*(-4 + 6)?
617
Let h be (2/(-4))/((-3)/(-30)). Let l = 9 + h. Suppose d + 25 = 4*r - 40, -l*d = -12. What are the prime factors of r?
17
Let z(j) = 2*j**2 + 11*j - 1. Suppose -5*o = 24 + 21. What are the prime factors of z(o)?
2, 31
Let z = 85 + -33. Let k = z - -78. List the prime factors of k.
2, 5, 13
Suppose -2 - 3 = -5*p. Suppose 5*r - 4*k = -p, -5*r - 9 + 4 = -5*k. Suppose r*q + q = -5*j + 2, 5*j = -3*q - 1. What are the prime factors of q?
3
Let z = 1413 - 5. List the prime factors of z.
2, 11
Suppose -3*w - 2*w + 5 = 0, 3*v - 4*w - 1700 = 0. Suppose v = -9*p + p. Let o = p - -103. List the prime factors of o.
2
Let u(t) = 6*t**2 - 9*t + 6. List the prime factors of u(7).
3, 79
Let c(g) = -2*g**3 - 4*g**2 - 3. Let x be c(-3). Suppose 4*n - 9 = x. What are the prime factors of 21*4/n*1?
2, 7
Suppose 0 = z - 4*z - 21. Suppose -12*v = -4*v - 96. Let m = z + v. What are the prime factors of m?
5
Suppose 5*d = -p + 1918, 1144 = 3*d - 0*p + 4*p. Let i = -850 - -853. Suppose -i*h - 5*h = -d. List the prime factors of h.
2, 3
Let v(a) = -2*a**3 + a**2 + a + 2. Let y(g) = g**2 + 12*g - 4. Let z be y(-12). List the prime factors of v(z).
2, 71
Let d = 97 - 92. Suppose l + 190 = 2*f, -d*f + 234 = 4*l - 254. List the prime factors of f.
2, 3
Suppose 10*p + 411 = o + 15*p, -4*p + 1580 = 4*o. List the prime factors of o.
17, 23
Suppose -3*l - 5*o + 904 = 0, 0 = -2*l + l - o + 298. List the prime factors of l.
293
Suppose 3*n = 7 - 1. Suppose 4*p = n*y - 12, -3 = p + 3*y - 4*y. List the prime factors of ((-1)/p)/((-12)/(-612)).
17
Let t(w) = -w**3 - w**2 + w - 34. Suppose -4 = -0*l - 2*l - 4*a, -2*a = 5*l - 2. Let i be t(l). Let o = i + 67. What are the prime factors of o?
3, 11
Let p = -9 - -12. Suppose p + 7 = 2*c. Suppose -a + 5*y = 3*a - 44, 3*y = -c*a + 18. What are the prime factors of a?
2, 3
Suppose -2*t + 1004 = n - 1302, 2*t = 5*n - 11482. List the prime factors of n.
2, 3, 383
Let y be (12/(-2))/(3/(-111)). Suppose 9*i - 7*i = y. List the prime factors of i.
3, 37
Suppose -i = -2*t + 6405 + 2376, -3*t = 4*i - 13166. What are the prime factors of t?
2, 5, 439
Let m be (-130)/6*(6 - 0). Let h = -50 - m. Suppose 0*n = 